actor of 10 and 2970.
10
What is the greatest common divisor of 157 and 88234?
157
Calculate the greatest common divisor of 6 and 159.
3
What is the highest common factor of 3792 and 624?
48
What is the highest common factor of 9 and 3609?
9
What is the highest common divisor of 62 and 22?
2
What is the highest common divisor of 2500 and 175?
25
Calculate the greatest common factor of 73 and 3796.
73
What is the highest common divisor of 327 and 3052?
109
Calculate the greatest common factor of 115 and 96025.
115
Calculate the greatest common factor of 32 and 88.
8
What is the highest common factor of 2540 and 20?
20
Calculate the highest common divisor of 21 and 2604.
21
What is the greatest common factor of 146 and 30222?
146
Calculate the highest common divisor of 16 and 1264.
16
What is the highest common divisor of 40 and 220?
20
Calculate the greatest common divisor of 1376 and 48.
16
What is the greatest common factor of 8 and 1040?
8
Calculate the highest common factor of 150 and 570.
30
What is the highest common divisor of 209 and 803?
11
What is the highest common divisor of 133 and 7?
7
Calculate the highest common factor of 670 and 10.
10
Calculate the highest common divisor of 105 and 231.
21
What is the greatest common factor of 134 and 1340?
134
What is the highest common factor of 2667 and 357?
21
Calculate the highest common divisor of 72 and 9756.
36
What is the highest common divisor of 175 and 125?
25
What is the greatest common factor of 6 and 1554?
6
What is the highest common divisor of 104 and 468?
52
What is the greatest common divisor of 175 and 595?
35
What is the highest common factor of 12 and 44?
4
Calculate the greatest common divisor of 119 and 21.
7
What is the greatest common factor of 435 and 245?
5
Calculate the highest common factor of 1159 and 19.
19
Calculate the highest common divisor of 3825 and 204.
51
What is the highest common factor of 336 and 1248?
48
Calculate the greatest common factor of 408 and 1530.
102
Calculate the highest common divisor of 1176 and 6.
6
What is the greatest common divisor of 20 and 3050?
10
What is the highest common factor of 20 and 5195?
5
What is the highest common factor of 436 and 5886?
218
What is the highest common divisor of 105 and 45?
15
Calculate the greatest common factor of 63 and 1197.
63
What is the greatest common factor of 969 and 1615?
323
What is the highest common divisor of 136 and 476?
68
What is the greatest common factor of 1143 and 254?
127
Calculate the highest common factor of 17 and 2057.
17
What is the highest common factor of 255 and 225?
15
What is the highest common factor of 17 and 85?
17
Calculate the greatest common divisor of 5325 and 1050.
75
Calculate the highest common factor of 38 and 817.
19
Calculate the greatest common factor of 17715 and 15.
15
What is the highest common divisor of 16159 and 143?
143
Calculate the greatest common divisor of 663 and 195.
39
What is the greatest common divisor of 65 and 15535?
65
Calculate the highest common factor of 22136 and 16.
8
What is the highest common factor of 1635 and 40?
5
What is the highest common divisor of 8 and 253?
1
Calculate the greatest common divisor of 480 and 7620.
60
Calculate the highest common factor of 6860 and 60.
20
Calculate the greatest common factor of 15051 and 2076.
519
Calculate the highest common divisor of 6 and 34.
2
Calculate the greatest common divisor of 2 and 178.
2
What is the highest common factor of 123 and 164?
41
Calculate the greatest common divisor of 1426 and 62.
62
What is the highest common factor of 1088 and 12784?
272
Calculate the greatest common factor of 3 and 363.
3
Calculate the greatest common factor of 33 and 6.
3
What is the greatest common divisor of 14238 and 36?
18
What is the highest common divisor of 7005 and 15?
15
Calculate the greatest common factor of 154 and 126.
14
Calculate the greatest common divisor of 194 and 14.
2
What is the highest common factor of 50 and 50?
50
Calculate the highest common divisor of 33 and 374.
11
Calculate the greatest common factor of 3358 and 46.
46
Calculate the highest common factor of 200 and 16.
8
What is the greatest common divisor of 56 and 14?
14
What is the greatest common divisor of 861 and 369?
123
Calculate the greatest common divisor of 106 and 424.
106
What is the greatest common divisor of 1561 and 446?
223
Calculate the highest common divisor of 4 and 142.
2
What is the greatest common factor of 12 and 54?
6
Calculate the greatest common factor of 228 and 78.
6
Calculate the highest common divisor of 2332 and 1188.
44
Calculate the greatest common divisor of 1215 and 135.
135
Calculate the greatest common divisor of 70 and 1750.
70
Calculate the highest common factor of 112 and 144.
16
What is the greatest common divisor of 4 and 3802?
2
What is the greatest common factor of 198 and 22?
22
What is the greatest common factor of 26 and 130?
26
Calculate the greatest common factor of 2 and 734.
2
Calculate the highest common factor of 128 and 112.
16
Calculate the highest common factor of 1518 and 33.
33
What is the highest common factor of 1748 and 380?
76
What is the highest common divisor of 126 and 24?
6
Calculate the greatest common divisor of 246 and 1599.
123
What is the highest common divisor of 16 and 58?
2
Calculate the greatest common factor of 990 and 2750.
110
Calculate the greatest common factor of 42 and 28.
14
What is the highest common divisor of 75 and 390?
15
Calculate the highest common divisor of 833 and 2303.
49
What is the highest common factor of 629 and 74?
37
What is the greatest common factor of 11 and 143?
11
Calculate the greatest common divisor of 1419 and 86.
43
What is the greatest common divisor of 18 and 99?
9
What is the greatest common factor of 288 and 516?
12
Calculate the greatest common divisor of 715 and 429.
143
Calculate the highest common divisor of 1909 and 415.
83
What is the greatest common factor of 72 and 342?
18
Calculate the highest common factor of 304 and 176.
16
Calculate the highest common factor of 42 and 114.
6
What is the greatest common factor of 138 and 162?
6
Calculate the greatest common factor of 1351 and 193.
193
What is the highest common factor of 15598 and 22?
22
What is the greatest common divisor of 42 and 3339?
21
Calculate the highest common divisor of 588 and 48.
12
Calculate the greatest common factor of 648 and 1134.
162
What is the highest common factor of 1554 and 168?
42
What is the highest common divisor of 90 and 4?
2
What is the greatest common divisor of 101 and 1212?
101
Calculate the greatest common divisor of 20 and 580.
20
Calculate the greatest common factor of 3131 and 31.
31
What is the greatest common factor of 92 and 4?
4
Calculate the greatest common divisor of 384 and 20.
4
What is the highest common factor of 29 and 261?
29
Calculate the highest common divisor of 750 and 105.
15
What is the highest common divisor of 16 and 12016?
16
What is the greatest common divisor of 4 and 3004?
4
What is the highest common divisor of 9 and 228?
3
Calculate the highest common divisor of 141 and 6.
3
Calculate the greatest common factor of 91 and 62972.
91
What is the greatest common divisor of 442 and 78?
26
Calculate the greatest common factor of 5 and 20.
5
What is the highest common divisor of 7 and 31423?
7
What is the greatest common factor of 4 and 892?
4
What is the highest common factor of 9975 and 855?
285
What is the greatest common factor of 253 and 92?
23
What is the greatest common divisor of 24 and 408?
24
Calculate the highest common divisor of 1764 and 13104.
252
Calculate the greatest common divisor of 1827 and 252.
63
Calculate the greatest common factor of 24 and 888.
24
What is the greatest common factor of 17080 and 35?
35
Calculate the greatest common divisor of 1375 and 110.
55
What is the greatest common factor of 258 and 473?
43
Calculate the greatest common divisor of 413 and 118.
59
What is the highest common factor of 18 and 174?
6
Calculate the highest common divisor of 8 and 1352.
8
Calculate the greatest common factor of 228 and 120.
12
Calculate the highest common divisor of 45 and 510.
15
What is the greatest common factor of 14 and 5026?
14
What is the greatest common 